{"id":148,"date":"2023-10-11T12:57:46","date_gmt":"2023-10-11T10:57:46","guid":{"rendered":"https:\/\/kwfschuleneue.ctl.de\/?page_id=148"},"modified":"2024-11-18T07:57:19","modified_gmt":"2024-11-18T06:57:19","slug":"mitarbeiter","status":"publish","type":"page","link":"https:\/\/sbbz-kirchheim.de\/?page_id=148","title":{"rendered":"MitarbeiterInnen"},"content":{"rendered":"\n<div class=\"wp-block-group has-global-padding is-layout-constrained wp-block-group-is-layout-constrained\">\n<p class=\"has-black-color has-text-color\"><strong>P\u00e4dagogische Mitarbeiterinnen<\/strong><\/p>\n\n\n\n<p>Frau M\u00fcllner<\/p>\n\n\n\n<p>Frau Gottelt<\/p>\n\n\n\n<p>Frau Azevedo<\/p>\n\n\n\n<p>Frau Di Pasquale<\/p>\n\n\n\n<p>Frau Kiedaisch<\/p>\n\n\n\n<p class=\"has-black-color has-text-color\"><strong>Schulsozialarbeit<\/strong><\/p>\n\n\n\n<p><\/p>\n\n\n\n<p>Silvia Kr\u00fcger; Verena Kamphausen<\/p>\n\n\n\n<p>E-mail: <a href=\"mailto:sb-krueger.s@stiftung-tragwerk.de\" target=\"_blank\" rel=\"noreferrer noopener\"><\/a><a href=\"mailto:Schulsozialarbeit@sbbz-kirchheim.de\" target=\"_blank\" rel=\"noreferrer noopener\">schulsozialarbeit-kwf@stiftung-tragwerk.de<\/a><\/p>\n\n\n\n<p>Kontakt: Tel.: 07021-9200525 Handy: 0173-90 45 424<\/p>\n\n\n\n<p class=\"has-black-color has-text-color\"><strong>Mensapersonal<\/strong><\/p>\n\n\n\n<p>Frau Qureishi<\/p>\n\n\n\n<p>Frau Berner<\/p>\n\n\n\n<p>Frau Alaham<\/p>\n\n\n\n<p class=\"has-black-color has-text-color\"><strong>Hausmeister<\/strong><\/p>\n\n\n\n<p>Matthias Kniewel<\/p>\n\n\n\n<p>Tel.: 07021-92005-13<\/p>\n\n\n\n<p>E-mail: <a href=\"mailto:M.Kniewel@kirchheim-teck.de\" target=\"_blank\" rel=\"noreferrer noopener\">M.Kniewel@kirchheim-teck.de<\/a><\/p>\n<\/div>\n","protected":false},"excerpt":{"rendered":"<p>P\u00e4dagogische Mitarbeiterinnen Frau M\u00fcllner Frau Gottelt Frau Azevedo Frau Di Pasquale Frau Kiedaisch Schulsozialarbeit Silvia Kr\u00fcger; Verena Kamphausen E-mail: schulsozialarbeit-kwf@stiftung-tragwerk.de Kontakt: Tel.: 07021-9200525 Handy: 0173-90 45 424 Mensapersonal Frau Qureishi Frau Berner Frau Alaham Hausmeister Matthias Kniewel Tel.: 07021-92005-13 E-mail: M.Kniewel@kirchheim-teck.de<\/p>\n","protected":false},"author":1,"featured_media":0,"parent":0,"menu_order":0,"comment_status":"closed","ping_status":"closed","template":"","meta":{"footnotes":""},"class_list":["post-148","page","type-page","status-publish","hentry"],"_links":{"self":[{"href":"https:\/\/sbbz-kirchheim.de\/index.php?rest_route=\/wp\/v2\/pages\/148","targetHints":{"allow":["GET"]}}],"collection":[{"href":"https:\/\/sbbz-kirchheim.de\/index.php?rest_route=\/wp\/v2\/pages"}],"about":[{"href":"https:\/\/sbbz-kirchheim.de\/index.php?rest_route=\/wp\/v2\/types\/page"}],"author":[{"embeddable":true,"href":"https:\/\/sbbz-kirchheim.de\/index.php?rest_route=\/wp\/v2\/users\/1"}],"replies":[{"embeddable":true,"href":"https:\/\/sbbz-kirchheim.de\/index.php?rest_route=%2Fwp%2Fv2%2Fcomments&post=148"}],"version-history":[{"count":11,"href":"https:\/\/sbbz-kirchheim.de\/index.php?rest_route=\/wp\/v2\/pages\/148\/revisions"}],"predecessor-version":[{"id":470,"href":"https:\/\/sbbz-kirchheim.de\/index.php?rest_route=\/wp\/v2\/pages\/148\/revisions\/470"}],"wp:attachment":[{"href":"https:\/\/sbbz-kirchheim.de\/index.php?rest_route=%2Fwp%2Fv2%2Fmedia&parent=148"}],"curies":[{"name":"wp","href":"https:\/\/api.w.org\/{rel}","templated":true}]}}